{"id":5544,"date":"2023-12-15T03:19:06","date_gmt":"2023-12-15T08:19:06","guid":{"rendered":"http:\/\/tiendalat.coheteam.com\/?post_type=product&#038;p=5544"},"modified":"2024-08-15T12:53:24","modified_gmt":"2024-08-15T17:53:24","slug":"esp-1","status":"publish","type":"product","link":"https:\/\/habitatamericas.com\/tiendaguatemala\/producto\/esp-1\/","title":{"rendered":"Kit de empresario ESP 1"},"content":{"rendered":"","protected":false},"excerpt":{"rendered":"<div>\n<h3 style=\"font-size: 22px; line-height: 25px; font-weight: 400;\"><strong>ESP-1<\/strong> es nuestro Paquete Ejecutivo de \u00c9xito. Se le puede llamar <strong>\u201cBusiness in a Box\u201d<\/strong>, \u201cUna Empresa dentro de una Caja\u201d, ya que su contenido es tan robusto que le proporciona todo lo que necesite para lanzar un Negocio completo de Gano Itouch; adem\u00e1s incluye diferentes tipos de productos para que usted pueda consumir, compartir y de gran potencial para comercializar.<\/h3>\n<ul style=\"font-size: 22px; line-height: 25px; font-weight: 400;\">\n<li>1 caja de <a href=\"https:\/\/habitatamericas.com\/tiendaguatemala\/producto\/crema-dental-kibnabalu\/\"><b>Pasta Dental Kibnabalu<\/b><\/a><\/li>\n<li>2 cajas de <a href=\"https:\/\/habitatamericas.com\/tiendaguatemala\/producto\/gano-cafe-clasico\/\"><b>PIOIR caf\u00e9 cl\u00e1sico<\/b><\/a><\/li>\n<li>2 cajas de <a href=\"https:\/\/habitatamericas.com\/tiendaguatemala\/producto\/pioir-chocolate\/\"><b>PIOIR chocolate<\/b><\/a><\/li>\n<\/ul>\n<h3 style=\"font-size: 22px; line-height: 25px; font-weight: 400;\">Por la compra del <strong>ESP-1<\/strong> recibe:<br \/>\nVolumen Personal 100 (PV).<br \/>\nVolumen Comisional 100 (CV).<\/h3>\n<\/div>\n","protected":false},"featured_media":5893,"comment_status":"open","ping_status":"closed","template":"","meta":{"site-sidebar-layout":"default","site-content-layout":"","ast-site-content-layout":"default","site-content-style":"default","site-sidebar-style":"default","ast-global-header-display":"","ast-banner-title-visibility":"","ast-main-header-display":"","ast-hfb-above-header-display":"","ast-hfb-below-header-display":"","ast-hfb-mobile-header-display":"","site-post-title":"","ast-breadcrumbs-content":"","ast-featured-img":"","footer-sml-layout":"","theme-transparent-header-meta":"default","adv-header-id-meta":"","stick-header-meta":"","header-above-stick-meta":"","header-main-stick-meta":"","header-below-stick-meta":"","astra-migrate-meta-layouts":"set","ast-page-background-enabled":"default","ast-page-background-meta":{"desktop":{"background-color":"","background-image":"","background-repeat":"repeat","background-position":"center center","background-size":"auto","background-attachment":"scroll","background-type":"","background-media":"","overlay-type":"","overlay-color":"","overlay-gradient":""},"tablet":{"background-color":"","background-image":"","background-repeat":"repeat","background-position":"center center","background-size":"auto","background-attachment":"scroll","background-type":"","background-media":"","overlay-type":"","overlay-color":"","overlay-gradient":""},"mobile":{"background-color":"","background-image":"","background-repeat":"repeat","background-position":"center center","background-size":"auto","background-attachment":"scroll","background-type":"","background-media":"","overlay-type":"","overlay-color":"","overlay-gradient":""}},"ast-content-background-meta":{"desktop":{"background-color":"var(--ast-global-color-5)","background-image":"","background-repeat":"repeat","background-position":"center center","background-size":"auto","background-attachment":"scroll","background-type":"","background-media":"","overlay-type":"","overlay-color":"","overlay-gradient":""},"tablet":{"background-color":"var(--ast-global-color-5)","background-image":"","background-repeat":"repeat","background-position":"center center","background-size":"auto","background-attachment":"scroll","background-type":"","background-media":"","overlay-type":"","overlay-color":"","overlay-gradient":""},"mobile":{"background-color":"var(--ast-global-color-5)","background-image":"","background-repeat":"repeat","background-position":"center center","background-size":"auto","background-attachment":"scroll","background-type":"","background-media":"","overlay-type":"","overlay-color":"","overlay-gradient":""}}},"product_cat":[88],"product_tag":[66,104,103,105,106,107],"class_list":{"0":"post-5544","1":"product","2":"type-product","3":"status-publish","4":"has-post-thumbnail","6":"product_cat-paquetes-empresariales","7":"product_tag-esp-1","8":"product_tag-paquete-ejecutivo","9":"product_tag-paquete-empresarial","10":"product_tag-pioir-3-en-1","11":"product_tag-pioir-cafe-clasico","12":"product_tag-pioir-chocolate","13":"desktop-align-center","14":"tablet-align-center","15":"mobile-align-center","17":"first","18":"instock","19":"featured","20":"shipping-taxable","21":"purchasable","22":"product-type-simple"},"yoast_head":"<!-- This site is optimized with the Yoast SEO plugin v23.2 - https:\/\/yoast.com\/wordpress\/plugins\/seo\/ -->\n<title>Kit de empresario ESP 1, c\u00f3mpralo en la tienda de H\u00e1bitat<\/title>\n<meta name=\"description\" content=\"Convi\u00e9rtete en cliente codificado y adem\u00e1s en consumidor inteligente comprando el Kit de empresario ESP 1, para que comiences a transformar tu vida\" \/>\n<meta name=\"robots\" content=\"index, follow, max-snippet:-1, max-image-preview:large, max-video-preview:-1\" \/>\n<link rel=\"canonical\" href=\"https:\/\/habitatamericas.com\/tiendaguatemala\/producto\/esp-1\/\" \/>\n<meta property=\"og:locale\" content=\"es_ES\" \/>\n<meta property=\"og:type\" content=\"article\" \/>\n<meta property=\"og:title\" content=\"Kit de empresario ESP 1, c\u00f3mpralo en la tienda de H\u00e1bitat\" \/>\n<meta property=\"og:description\" content=\"Convi\u00e9rtete en cliente codificado y adem\u00e1s en consumidor inteligente comprando el Kit de empresario ESP 1, para que comiences a transformar tu vida\" \/>\n<meta property=\"og:url\" content=\"https:\/\/habitatamericas.com\/tiendaguatemala\/producto\/esp-1\/\" \/>\n<meta property=\"og:site_name\" content=\"Tienda H\u00e1bitat Guatemala\" \/>\n<meta property=\"article:modified_time\" content=\"2024-08-15T17:53:24+00:00\" \/>\n<meta property=\"og:image\" content=\"https:\/\/habitatamericas.com\/tiendaguatemala\/wp-content\/uploads\/2024\/08\/ESP-1-Paquete-Inicio-Guatemala.jpg\" \/>\n\t<meta property=\"og:image:width\" content=\"500\" \/>\n\t<meta property=\"og:image:height\" content=\"500\" \/>\n\t<meta property=\"og:image:type\" content=\"image\/jpeg\" \/>\n<meta name=\"twitter:card\" content=\"summary_large_image\" \/>\n<meta name=\"twitter:label1\" content=\"Tiempo de lectura\" \/>\n\t<meta name=\"twitter:data1\" content=\"1 minuto\" \/>\n<script type=\"application\/ld+json\" class=\"yoast-schema-graph\">{\"@context\":\"https:\/\/schema.org\",\"@graph\":[{\"@type\":\"WebPage\",\"@id\":\"https:\/\/habitatamericas.com\/tiendaguatemala\/producto\/esp-1\/\",\"url\":\"https:\/\/habitatamericas.com\/tiendaguatemala\/producto\/esp-1\/\",\"name\":\"Kit de empresario ESP 1, c\u00f3mpralo en la tienda de H\u00e1bitat\",\"isPartOf\":{\"@id\":\"https:\/\/habitatamericas.com\/tiendaguatemala\/#website\"},\"primaryImageOfPage\":{\"@id\":\"https:\/\/habitatamericas.com\/tiendaguatemala\/producto\/esp-1\/#primaryimage\"},\"image\":{\"@id\":\"https:\/\/habitatamericas.com\/tiendaguatemala\/producto\/esp-1\/#primaryimage\"},\"thumbnailUrl\":\"https:\/\/habitatamericas.com\/tiendaguatemala\/wp-content\/uploads\/2024\/08\/ESP-1-Paquete-Inicio-Guatemala.jpg\",\"datePublished\":\"2023-12-15T08:19:06+00:00\",\"dateModified\":\"2024-08-15T17:53:24+00:00\",\"description\":\"Convi\u00e9rtete en cliente codificado y adem\u00e1s en consumidor inteligente comprando el Kit de empresario ESP 1, para que comiences a transformar tu vida\",\"breadcrumb\":{\"@id\":\"https:\/\/habitatamericas.com\/tiendaguatemala\/producto\/esp-1\/#breadcrumb\"},\"inLanguage\":\"es-CO\",\"potentialAction\":[{\"@type\":\"ReadAction\",\"target\":[\"https:\/\/habitatamericas.com\/tiendaguatemala\/producto\/esp-1\/\"]}]},{\"@type\":\"ImageObject\",\"inLanguage\":\"es-CO\",\"@id\":\"https:\/\/habitatamericas.com\/tiendaguatemala\/producto\/esp-1\/#primaryimage\",\"url\":\"https:\/\/habitatamericas.com\/tiendaguatemala\/wp-content\/uploads\/2024\/08\/ESP-1-Paquete-Inicio-Guatemala.jpg\",\"contentUrl\":\"https:\/\/habitatamericas.com\/tiendaguatemala\/wp-content\/uploads\/2024\/08\/ESP-1-Paquete-Inicio-Guatemala.jpg\",\"width\":500,\"height\":500,\"caption\":\"Paquete de Inicio Guatemala\"},{\"@type\":\"BreadcrumbList\",\"@id\":\"https:\/\/habitatamericas.com\/tiendaguatemala\/producto\/esp-1\/#breadcrumb\",\"itemListElement\":[{\"@type\":\"ListItem\",\"position\":1,\"name\":\"Inicio\",\"item\":\"https:\/\/habitatamericas.com\/tiendaguatemala\/\"},{\"@type\":\"ListItem\",\"position\":2,\"name\":\"Shop\",\"item\":\"https:\/\/habitatamericas.com\/tiendaguatemala\/shop\/\"},{\"@type\":\"ListItem\",\"position\":3,\"name\":\"Kit de empresario ESP 1\"}]},{\"@type\":\"WebSite\",\"@id\":\"https:\/\/habitatamericas.com\/tiendaguatemala\/#website\",\"url\":\"https:\/\/habitatamericas.com\/tiendaguatemala\/\",\"name\":\"Tienda H\u00e1bitat Guatemala\",\"description\":\"\u00a1Estamos transformando vidas!\",\"publisher\":{\"@id\":\"https:\/\/habitatamericas.com\/tiendaguatemala\/#organization\"},\"potentialAction\":[{\"@type\":\"SearchAction\",\"target\":{\"@type\":\"EntryPoint\",\"urlTemplate\":\"https:\/\/habitatamericas.com\/tiendaguatemala\/?s={search_term_string}\"},\"query-input\":\"required name=search_term_string\"}],\"inLanguage\":\"es-CO\"},{\"@type\":\"Organization\",\"@id\":\"https:\/\/habitatamericas.com\/tiendaguatemala\/#organization\",\"name\":\"Tienda H\u00e1bitat Guatemala\",\"url\":\"https:\/\/habitatamericas.com\/tiendaguatemala\/\",\"logo\":{\"@type\":\"ImageObject\",\"inLanguage\":\"es-CO\",\"@id\":\"https:\/\/habitatamericas.com\/tiendaguatemala\/#\/schema\/logo\/image\/\",\"url\":\"https:\/\/habitatamericas.com\/tiendaguatemala\/wp-content\/uploads\/2024\/10\/logo-guatemala.png\",\"contentUrl\":\"https:\/\/habitatamericas.com\/tiendaguatemala\/wp-content\/uploads\/2024\/10\/logo-guatemala.png\",\"width\":268,\"height\":107,\"caption\":\"Tienda H\u00e1bitat Guatemala\"},\"image\":{\"@id\":\"https:\/\/habitatamericas.com\/tiendaguatemala\/#\/schema\/logo\/image\/\"}}]}<\/script>\n<!-- \/ Yoast SEO plugin. -->","yoast_head_json":{"title":"Kit de empresario ESP 1, c\u00f3mpralo en la tienda de H\u00e1bitat","description":"Convi\u00e9rtete en cliente codificado y adem\u00e1s en consumidor inteligente comprando el Kit de empresario ESP 1, para que comiences a transformar tu vida","robots":{"index":"index","follow":"follow","max-snippet":"max-snippet:-1","max-image-preview":"max-image-preview:large","max-video-preview":"max-video-preview:-1"},"canonical":"https:\/\/habitatamericas.com\/tiendaguatemala\/producto\/esp-1\/","og_locale":"es_ES","og_type":"article","og_title":"Kit de empresario ESP 1, c\u00f3mpralo en la tienda de H\u00e1bitat","og_description":"Convi\u00e9rtete en cliente codificado y adem\u00e1s en consumidor inteligente comprando el Kit de empresario ESP 1, para que comiences a transformar tu vida","og_url":"https:\/\/habitatamericas.com\/tiendaguatemala\/producto\/esp-1\/","og_site_name":"Tienda H\u00e1bitat Guatemala","article_modified_time":"2024-08-15T17:53:24+00:00","og_image":[{"width":500,"height":500,"url":"https:\/\/habitatamericas.com\/tiendaguatemala\/wp-content\/uploads\/2024\/08\/ESP-1-Paquete-Inicio-Guatemala.jpg","type":"image\/jpeg"}],"twitter_card":"summary_large_image","twitter_misc":{"Tiempo de lectura":"1 minuto"},"schema":{"@context":"https:\/\/schema.org","@graph":[{"@type":"WebPage","@id":"https:\/\/habitatamericas.com\/tiendaguatemala\/producto\/esp-1\/","url":"https:\/\/habitatamericas.com\/tiendaguatemala\/producto\/esp-1\/","name":"Kit de empresario ESP 1, c\u00f3mpralo en la tienda de H\u00e1bitat","isPartOf":{"@id":"https:\/\/habitatamericas.com\/tiendaguatemala\/#website"},"primaryImageOfPage":{"@id":"https:\/\/habitatamericas.com\/tiendaguatemala\/producto\/esp-1\/#primaryimage"},"image":{"@id":"https:\/\/habitatamericas.com\/tiendaguatemala\/producto\/esp-1\/#primaryimage"},"thumbnailUrl":"https:\/\/habitatamericas.com\/tiendaguatemala\/wp-content\/uploads\/2024\/08\/ESP-1-Paquete-Inicio-Guatemala.jpg","datePublished":"2023-12-15T08:19:06+00:00","dateModified":"2024-08-15T17:53:24+00:00","description":"Convi\u00e9rtete en cliente codificado y adem\u00e1s en consumidor inteligente comprando el Kit de empresario ESP 1, para que comiences a transformar tu vida","breadcrumb":{"@id":"https:\/\/habitatamericas.com\/tiendaguatemala\/producto\/esp-1\/#breadcrumb"},"inLanguage":"es-CO","potentialAction":[{"@type":"ReadAction","target":["https:\/\/habitatamericas.com\/tiendaguatemala\/producto\/esp-1\/"]}]},{"@type":"ImageObject","inLanguage":"es-CO","@id":"https:\/\/habitatamericas.com\/tiendaguatemala\/producto\/esp-1\/#primaryimage","url":"https:\/\/habitatamericas.com\/tiendaguatemala\/wp-content\/uploads\/2024\/08\/ESP-1-Paquete-Inicio-Guatemala.jpg","contentUrl":"https:\/\/habitatamericas.com\/tiendaguatemala\/wp-content\/uploads\/2024\/08\/ESP-1-Paquete-Inicio-Guatemala.jpg","width":500,"height":500,"caption":"Paquete de Inicio Guatemala"},{"@type":"BreadcrumbList","@id":"https:\/\/habitatamericas.com\/tiendaguatemala\/producto\/esp-1\/#breadcrumb","itemListElement":[{"@type":"ListItem","position":1,"name":"Inicio","item":"https:\/\/habitatamericas.com\/tiendaguatemala\/"},{"@type":"ListItem","position":2,"name":"Shop","item":"https:\/\/habitatamericas.com\/tiendaguatemala\/shop\/"},{"@type":"ListItem","position":3,"name":"Kit de empresario ESP 1"}]},{"@type":"WebSite","@id":"https:\/\/habitatamericas.com\/tiendaguatemala\/#website","url":"https:\/\/habitatamericas.com\/tiendaguatemala\/","name":"Tienda H\u00e1bitat Guatemala","description":"\u00a1Estamos transformando vidas!","publisher":{"@id":"https:\/\/habitatamericas.com\/tiendaguatemala\/#organization"},"potentialAction":[{"@type":"SearchAction","target":{"@type":"EntryPoint","urlTemplate":"https:\/\/habitatamericas.com\/tiendaguatemala\/?s={search_term_string}"},"query-input":"required name=search_term_string"}],"inLanguage":"es-CO"},{"@type":"Organization","@id":"https:\/\/habitatamericas.com\/tiendaguatemala\/#organization","name":"Tienda H\u00e1bitat Guatemala","url":"https:\/\/habitatamericas.com\/tiendaguatemala\/","logo":{"@type":"ImageObject","inLanguage":"es-CO","@id":"https:\/\/habitatamericas.com\/tiendaguatemala\/#\/schema\/logo\/image\/","url":"https:\/\/habitatamericas.com\/tiendaguatemala\/wp-content\/uploads\/2024\/10\/logo-guatemala.png","contentUrl":"https:\/\/habitatamericas.com\/tiendaguatemala\/wp-content\/uploads\/2024\/10\/logo-guatemala.png","width":268,"height":107,"caption":"Tienda H\u00e1bitat Guatemala"},"image":{"@id":"https:\/\/habitatamericas.com\/tiendaguatemala\/#\/schema\/logo\/image\/"}}]}},"_links":{"self":[{"href":"https:\/\/habitatamericas.com\/tiendaguatemala\/wp-json\/wp\/v2\/product\/5544"}],"collection":[{"href":"https:\/\/habitatamericas.com\/tiendaguatemala\/wp-json\/wp\/v2\/product"}],"about":[{"href":"https:\/\/habitatamericas.com\/tiendaguatemala\/wp-json\/wp\/v2\/types\/product"}],"replies":[{"embeddable":true,"href":"https:\/\/habitatamericas.com\/tiendaguatemala\/wp-json\/wp\/v2\/comments?post=5544"}],"wp:featuredmedia":[{"embeddable":true,"href":"https:\/\/habitatamericas.com\/tiendaguatemala\/wp-json\/wp\/v2\/media\/5893"}],"wp:attachment":[{"href":"https:\/\/habitatamericas.com\/tiendaguatemala\/wp-json\/wp\/v2\/media?parent=5544"}],"wp:term":[{"taxonomy":"product_cat","embeddable":true,"href":"https:\/\/habitatamericas.com\/tiendaguatemala\/wp-json\/wp\/v2\/product_cat?post=5544"},{"taxonomy":"product_tag","embeddable":true,"href":"https:\/\/habitatamericas.com\/tiendaguatemala\/wp-json\/wp\/v2\/product_tag?post=5544"}],"curies":[{"name":"wp","href":"https:\/\/api.w.org\/{rel}","templated":true}]}}