{"id":5535,"date":"2023-12-14T17:34:09","date_gmt":"2023-12-14T22:34:09","guid":{"rendered":"http:\/\/tiendalat.coheteam.com\/?post_type=product&#038;p=5535"},"modified":"2024-10-17T16:18:06","modified_gmt":"2024-10-17T21:18:06","slug":"kibnabalu-transparent-soap","status":"publish","type":"product","link":"https:\/\/habitatamericas.com\/tiendaguatemala\/producto\/kibnabalu-transparent-soap\/","title":{"rendered":"Kibnabalu Transparent Soap"},"content":{"rendered":"<div>\n<h3 style=\"font-size: 35px; line-height: 35px; font-family: 'Rasputin'; color: #1a2d4e;\">Beneficios adicionales:<\/h3>\n<\/div>\n<div style=\"float: left; width: 60%;\">\n<ul style=\"font-size: 22px; line-height: 25px; font-weight: 400;\">\n<li>Contiene Vitamina E.<\/li>\n<li>Limpia, hidrata, aclara y suaviza la piel.<\/li>\n<li>Equilibra el PH de la piel y elimina el exceso de grasa.<\/li>\n<li>Rejuvenece la piel. Ofrece protecci\u00f3n para la piel sensible.<\/li>\n<li>Brinda mayor firmeza para la piel (efecto b\u00f3tox).<\/li>\n<li>Ayuda a disminuir arrugas y l\u00edneas finas de expresi\u00f3n.<\/li>\n<li>Previene y ayuda en enfermedades de la piel como: acn\u00e9, dermatitis, psoriasis, vit\u00edligo, entre otras.<\/li>\n<\/ul>\n<\/div>\n<div class=\"cart\">\n<h3 style=\"font-size: 15px; line-height: 15px; font-weight: bold; color: #cc58a1;\"><\/h3>\n<\/div>\n<hr \/>\n","protected":false},"excerpt":{"rendered":"\n<div style=\"background-color: #1a2d4e; padding: 20px; border-radius: 20px 0px 20px 0; margin-top: 20px;\">\n<h3 style=\"font-size: 30px; line-height: 35px; font-family: 'Rasputin'; color: #b4cb54;\">Q 136 &#8211; Valor cliente codificado<\/h3>\n<h3 style=\"font-size: 20px; line-height: 20px; font-weight: 500; color: #fff;\">Si deseas convertirte en cliente codificado y adem\u00e1s en consumidor inteligente, escr\u00edbenos y te ayudaremos a hacerlo desde la primera compra.<\/h3>\n<div style=\"float: right; margin-top: -10px;\"><a href=\"https:\/\/wa.me\/573242064854?text=Hola%2C%20estaba%20viendo%20el%20producto%20Kibnabalu%20Transparent%20Soap%20en%20la%20tienda%20de%20Guatemala%20y%20quiero%20convertirme%20en%20cliente%20codificado\"\"> <img decoding=\"async\" class=\"alignnone size-full wp-image-5654\" src=\"http:\/\/habitatamericas.com\/tiendacolombia\/wp-content\/uploads\/2024\/08\/boton-escribenos.png\" alt=\"whatsapp\" width=\"200\" height=\"60\" \/><\/a><\/div>\n<\/p><\/div>\n<div style=\"font-size: 30px; padding-top: 30px; padding-bottom: 20px;\"><b><em style=\"margin-bottom: 0em; font-family: 'Rasputin';\">\u00a1Un jab\u00f3n que Rejuvenece tu Piel!<\/em><\/b><\/div>\n<div>\n<h3 style=\"font-size: 22px; line-height: 25px; font-weight: 400;\">Deleita y rejuvenece tu piel con la combinaci\u00f3n perfecta entre los componentes naturales y medicinales del extracto de<strong> Ganoderma Lucidum de Gano Excel con glicerina<\/strong>, aloe vera y papaya, presentes en un elegante jab\u00f3n de ba\u00f1o con fragancia a acacia.<br \/>\nEste jab\u00f3n con nutrientes, antioxidantes y germanio org\u00e1nico, adem\u00e1s de oxigenar y regenerar las c\u00e9lulas de la piel, retrasando su envejecimiento prematuro, al mismo tiempo que fomenta y estimula su metabolismo para tener una piel joven y saludable; tambi\u00e9n funciona de manera terap\u00e9utica para ayudar a prevenir y\/o disminuir enfermedades de la piel.<\/h3>\n<\/div>\n<div>\n<p><img fetchpriority=\"high\" decoding=\"async\" class=\"alignnone size-full wp-image-5800\" src=\"http:\/\/habitatamericas.com\/tiendaguatemala\/wp-content\/uploads\/2024\/06\/compuestos-gano-soap.png\" alt=\"\" width=\"450\" height=\"150\" \/><\/p>\n<\/div>\n","protected":false},"featured_media":5877,"comment_status":"closed","ping_status":"closed","template":"","meta":{"site-sidebar-layout":"default","site-content-layout":"","ast-site-content-layout":"default","site-content-style":"default","site-sidebar-style":"default","ast-global-header-display":"","ast-banner-title-visibility":"","ast-main-header-display":"","ast-hfb-above-header-display":"","ast-hfb-below-header-display":"","ast-hfb-mobile-header-display":"","site-post-title":"","ast-breadcrumbs-content":"","ast-featured-img":"","footer-sml-layout":"","theme-transparent-header-meta":"default","adv-header-id-meta":"","stick-header-meta":"","header-above-stick-meta":"","header-main-stick-meta":"","header-below-stick-meta":"","astra-migrate-meta-layouts":"set","ast-page-background-enabled":"default","ast-page-background-meta":{"desktop":{"background-color":"","background-image":"","background-repeat":"repeat","background-position":"center center","background-size":"auto","background-attachment":"scroll","background-type":"","background-media":"","overlay-type":"","overlay-color":"","overlay-gradient":""},"tablet":{"background-color":"","background-image":"","background-repeat":"repeat","background-position":"center center","background-size":"auto","background-attachment":"scroll","background-type":"","background-media":"","overlay-type":"","overlay-color":"","overlay-gradient":""},"mobile":{"background-color":"","background-image":"","background-repeat":"repeat","background-position":"center center","background-size":"auto","background-attachment":"scroll","background-type":"","background-media":"","overlay-type":"","overlay-color":"","overlay-gradient":""}},"ast-content-background-meta":{"desktop":{"background-color":"var(--ast-global-color-5)","background-image":"","background-repeat":"repeat","background-position":"center center","background-size":"auto","background-attachment":"scroll","background-type":"","background-media":"","overlay-type":"","overlay-color":"","overlay-gradient":""},"tablet":{"background-color":"var(--ast-global-color-5)","background-image":"","background-repeat":"repeat","background-position":"center center","background-size":"auto","background-attachment":"scroll","background-type":"","background-media":"","overlay-type":"","overlay-color":"","overlay-gradient":""},"mobile":{"background-color":"var(--ast-global-color-5)","background-image":"","background-repeat":"repeat","background-position":"center center","background-size":"auto","background-attachment":"scroll","background-type":"","background-media":"","overlay-type":"","overlay-color":"","overlay-gradient":""}}},"product_cat":[75],"product_tag":[69,80,81,53,54,114],"class_list":{"0":"post-5535","1":"product","2":"type-product","3":"status-publish","4":"has-post-thumbnail","6":"product_cat-cuidado-personal","7":"product_tag-aloe-vera","8":"product_tag-aseo-personal","9":"product_tag-cuidado-personal","10":"product_tag-gano-soap","11":"product_tag-jabon","12":"product_tag-kibnabalu-transparent-soap","13":"desktop-align-center","14":"tablet-align-center","15":"mobile-align-center","17":"first","18":"instock","19":"featured","20":"shipping-taxable","21":"purchasable","22":"product-type-simple"},"yoast_head":"<!-- This site is optimized with the Yoast SEO plugin v23.2 - https:\/\/yoast.com\/wordpress\/plugins\/seo\/ -->\n<title>Kibnabalu Transparent Soap, \u00a1Un jab\u00f3n que Rejuvenece tu Piel!<\/title>\n<meta name=\"description\" content=\"Deleita y rejuvenece tu piel con la combinaci\u00f3n perfecta entre los componentes naturales y medicinales del extracto de Ganoderma Lucidum de Gano Excel\" \/>\n<meta name=\"robots\" content=\"index, follow, max-snippet:-1, max-image-preview:large, max-video-preview:-1\" \/>\n<link rel=\"canonical\" href=\"http:\/\/habitatamericas.com\/tiendaguatemala\/producto\/kibnabalu-transparent-soap\/\" \/>\n<meta property=\"og:locale\" content=\"es_ES\" \/>\n<meta property=\"og:type\" content=\"article\" \/>\n<meta property=\"og:title\" content=\"Kibnabalu Transparent Soap, \u00a1Un jab\u00f3n que Rejuvenece tu Piel!\" \/>\n<meta property=\"og:description\" content=\"Deleita y rejuvenece tu piel con la combinaci\u00f3n perfecta entre los componentes naturales y medicinales del extracto de Ganoderma Lucidum de Gano Excel\" \/>\n<meta property=\"og:url\" content=\"http:\/\/habitatamericas.com\/tiendaguatemala\/producto\/kibnabalu-transparent-soap\/\" \/>\n<meta property=\"og:site_name\" content=\"Tienda H\u00e1bitat Guatemala\" \/>\n<meta property=\"article:modified_time\" content=\"2024-10-17T21:18:06+00:00\" \/>\n<meta property=\"og:image\" content=\"http:\/\/habitatamericas.com\/tiendaguatemala\/wp-content\/uploads\/2023\/12\/Transparent-soap-guatemala.jpg\" \/>\n\t<meta property=\"og:image:width\" content=\"500\" \/>\n\t<meta property=\"og:image:height\" content=\"500\" \/>\n\t<meta property=\"og:image:type\" content=\"image\/jpeg\" \/>\n<meta name=\"twitter:card\" content=\"summary_large_image\" \/>\n<meta name=\"twitter:label1\" content=\"Tiempo de lectura\" \/>\n\t<meta name=\"twitter:data1\" content=\"1 minuto\" \/>\n<script type=\"application\/ld+json\" class=\"yoast-schema-graph\">{\"@context\":\"https:\/\/schema.org\",\"@graph\":[{\"@type\":\"WebPage\",\"@id\":\"http:\/\/habitatamericas.com\/tiendaguatemala\/producto\/kibnabalu-transparent-soap\/\",\"url\":\"http:\/\/habitatamericas.com\/tiendaguatemala\/producto\/kibnabalu-transparent-soap\/\",\"name\":\"Kibnabalu Transparent Soap, \u00a1Un jab\u00f3n que Rejuvenece tu Piel!\",\"isPartOf\":{\"@id\":\"https:\/\/habitatamericas.com\/tiendaguatemala\/#website\"},\"primaryImageOfPage\":{\"@id\":\"http:\/\/habitatamericas.com\/tiendaguatemala\/producto\/kibnabalu-transparent-soap\/#primaryimage\"},\"image\":{\"@id\":\"http:\/\/habitatamericas.com\/tiendaguatemala\/producto\/kibnabalu-transparent-soap\/#primaryimage\"},\"thumbnailUrl\":\"https:\/\/habitatamericas.com\/tiendaguatemala\/wp-content\/uploads\/2023\/12\/Transparent-soap-guatemala.jpg\",\"datePublished\":\"2023-12-14T22:34:09+00:00\",\"dateModified\":\"2024-10-17T21:18:06+00:00\",\"description\":\"Deleita y rejuvenece tu piel con la combinaci\u00f3n perfecta entre los componentes naturales y medicinales del extracto de Ganoderma Lucidum de Gano Excel\",\"breadcrumb\":{\"@id\":\"http:\/\/habitatamericas.com\/tiendaguatemala\/producto\/kibnabalu-transparent-soap\/#breadcrumb\"},\"inLanguage\":\"es-CO\",\"potentialAction\":[{\"@type\":\"ReadAction\",\"target\":[\"http:\/\/habitatamericas.com\/tiendaguatemala\/producto\/kibnabalu-transparent-soap\/\"]}]},{\"@type\":\"ImageObject\",\"inLanguage\":\"es-CO\",\"@id\":\"http:\/\/habitatamericas.com\/tiendaguatemala\/producto\/kibnabalu-transparent-soap\/#primaryimage\",\"url\":\"https:\/\/habitatamericas.com\/tiendaguatemala\/wp-content\/uploads\/2023\/12\/Transparent-soap-guatemala.jpg\",\"contentUrl\":\"https:\/\/habitatamericas.com\/tiendaguatemala\/wp-content\/uploads\/2023\/12\/Transparent-soap-guatemala.jpg\",\"width\":500,\"height\":500,\"caption\":\"Transparent Soap\"},{\"@type\":\"BreadcrumbList\",\"@id\":\"http:\/\/habitatamericas.com\/tiendaguatemala\/producto\/kibnabalu-transparent-soap\/#breadcrumb\",\"itemListElement\":[{\"@type\":\"ListItem\",\"position\":1,\"name\":\"Inicio\",\"item\":\"https:\/\/habitatamericas.com\/tiendaguatemala\/\"},{\"@type\":\"ListItem\",\"position\":2,\"name\":\"Shop\",\"item\":\"https:\/\/habitatamericas.com\/tiendaguatemala\/shop\/\"},{\"@type\":\"ListItem\",\"position\":3,\"name\":\"Kibnabalu Transparent Soap\"}]},{\"@type\":\"WebSite\",\"@id\":\"https:\/\/habitatamericas.com\/tiendaguatemala\/#website\",\"url\":\"https:\/\/habitatamericas.com\/tiendaguatemala\/\",\"name\":\"Tienda H\u00e1bitat Guatemala\",\"description\":\"\u00a1Estamos transformando vidas!\",\"publisher\":{\"@id\":\"https:\/\/habitatamericas.com\/tiendaguatemala\/#organization\"},\"potentialAction\":[{\"@type\":\"SearchAction\",\"target\":{\"@type\":\"EntryPoint\",\"urlTemplate\":\"https:\/\/habitatamericas.com\/tiendaguatemala\/?s={search_term_string}\"},\"query-input\":\"required name=search_term_string\"}],\"inLanguage\":\"es-CO\"},{\"@type\":\"Organization\",\"@id\":\"https:\/\/habitatamericas.com\/tiendaguatemala\/#organization\",\"name\":\"Tienda H\u00e1bitat Guatemala\",\"url\":\"https:\/\/habitatamericas.com\/tiendaguatemala\/\",\"logo\":{\"@type\":\"ImageObject\",\"inLanguage\":\"es-CO\",\"@id\":\"https:\/\/habitatamericas.com\/tiendaguatemala\/#\/schema\/logo\/image\/\",\"url\":\"https:\/\/habitatamericas.com\/tiendaguatemala\/wp-content\/uploads\/2024\/10\/logo-guatemala.png\",\"contentUrl\":\"https:\/\/habitatamericas.com\/tiendaguatemala\/wp-content\/uploads\/2024\/10\/logo-guatemala.png\",\"width\":268,\"height\":107,\"caption\":\"Tienda H\u00e1bitat Guatemala\"},\"image\":{\"@id\":\"https:\/\/habitatamericas.com\/tiendaguatemala\/#\/schema\/logo\/image\/\"}}]}<\/script>\n<!-- \/ Yoast SEO plugin. -->","yoast_head_json":{"title":"Kibnabalu Transparent Soap, \u00a1Un jab\u00f3n que Rejuvenece tu Piel!","description":"Deleita y rejuvenece tu piel con la combinaci\u00f3n perfecta entre los componentes naturales y medicinales del extracto de Ganoderma Lucidum de Gano Excel","robots":{"index":"index","follow":"follow","max-snippet":"max-snippet:-1","max-image-preview":"max-image-preview:large","max-video-preview":"max-video-preview:-1"},"canonical":"http:\/\/habitatamericas.com\/tiendaguatemala\/producto\/kibnabalu-transparent-soap\/","og_locale":"es_ES","og_type":"article","og_title":"Kibnabalu Transparent Soap, \u00a1Un jab\u00f3n que Rejuvenece tu Piel!","og_description":"Deleita y rejuvenece tu piel con la combinaci\u00f3n perfecta entre los componentes naturales y medicinales del extracto de Ganoderma Lucidum de Gano Excel","og_url":"http:\/\/habitatamericas.com\/tiendaguatemala\/producto\/kibnabalu-transparent-soap\/","og_site_name":"Tienda H\u00e1bitat Guatemala","article_modified_time":"2024-10-17T21:18:06+00:00","og_image":[{"width":500,"height":500,"url":"http:\/\/habitatamericas.com\/tiendaguatemala\/wp-content\/uploads\/2023\/12\/Transparent-soap-guatemala.jpg","type":"image\/jpeg"}],"twitter_card":"summary_large_image","twitter_misc":{"Tiempo de lectura":"1 minuto"},"schema":{"@context":"https:\/\/schema.org","@graph":[{"@type":"WebPage","@id":"http:\/\/habitatamericas.com\/tiendaguatemala\/producto\/kibnabalu-transparent-soap\/","url":"http:\/\/habitatamericas.com\/tiendaguatemala\/producto\/kibnabalu-transparent-soap\/","name":"Kibnabalu Transparent Soap, \u00a1Un jab\u00f3n que Rejuvenece tu Piel!","isPartOf":{"@id":"https:\/\/habitatamericas.com\/tiendaguatemala\/#website"},"primaryImageOfPage":{"@id":"http:\/\/habitatamericas.com\/tiendaguatemala\/producto\/kibnabalu-transparent-soap\/#primaryimage"},"image":{"@id":"http:\/\/habitatamericas.com\/tiendaguatemala\/producto\/kibnabalu-transparent-soap\/#primaryimage"},"thumbnailUrl":"https:\/\/habitatamericas.com\/tiendaguatemala\/wp-content\/uploads\/2023\/12\/Transparent-soap-guatemala.jpg","datePublished":"2023-12-14T22:34:09+00:00","dateModified":"2024-10-17T21:18:06+00:00","description":"Deleita y rejuvenece tu piel con la combinaci\u00f3n perfecta entre los componentes naturales y medicinales del extracto de Ganoderma Lucidum de Gano Excel","breadcrumb":{"@id":"http:\/\/habitatamericas.com\/tiendaguatemala\/producto\/kibnabalu-transparent-soap\/#breadcrumb"},"inLanguage":"es-CO","potentialAction":[{"@type":"ReadAction","target":["http:\/\/habitatamericas.com\/tiendaguatemala\/producto\/kibnabalu-transparent-soap\/"]}]},{"@type":"ImageObject","inLanguage":"es-CO","@id":"http:\/\/habitatamericas.com\/tiendaguatemala\/producto\/kibnabalu-transparent-soap\/#primaryimage","url":"https:\/\/habitatamericas.com\/tiendaguatemala\/wp-content\/uploads\/2023\/12\/Transparent-soap-guatemala.jpg","contentUrl":"https:\/\/habitatamericas.com\/tiendaguatemala\/wp-content\/uploads\/2023\/12\/Transparent-soap-guatemala.jpg","width":500,"height":500,"caption":"Transparent Soap"},{"@type":"BreadcrumbList","@id":"http:\/\/habitatamericas.com\/tiendaguatemala\/producto\/kibnabalu-transparent-soap\/#breadcrumb","itemListElement":[{"@type":"ListItem","position":1,"name":"Inicio","item":"https:\/\/habitatamericas.com\/tiendaguatemala\/"},{"@type":"ListItem","position":2,"name":"Shop","item":"https:\/\/habitatamericas.com\/tiendaguatemala\/shop\/"},{"@type":"ListItem","position":3,"name":"Kibnabalu Transparent Soap"}]},{"@type":"WebSite","@id":"https:\/\/habitatamericas.com\/tiendaguatemala\/#website","url":"https:\/\/habitatamericas.com\/tiendaguatemala\/","name":"Tienda H\u00e1bitat Guatemala","description":"\u00a1Estamos transformando vidas!","publisher":{"@id":"https:\/\/habitatamericas.com\/tiendaguatemala\/#organization"},"potentialAction":[{"@type":"SearchAction","target":{"@type":"EntryPoint","urlTemplate":"https:\/\/habitatamericas.com\/tiendaguatemala\/?s={search_term_string}"},"query-input":"required name=search_term_string"}],"inLanguage":"es-CO"},{"@type":"Organization","@id":"https:\/\/habitatamericas.com\/tiendaguatemala\/#organization","name":"Tienda H\u00e1bitat Guatemala","url":"https:\/\/habitatamericas.com\/tiendaguatemala\/","logo":{"@type":"ImageObject","inLanguage":"es-CO","@id":"https:\/\/habitatamericas.com\/tiendaguatemala\/#\/schema\/logo\/image\/","url":"https:\/\/habitatamericas.com\/tiendaguatemala\/wp-content\/uploads\/2024\/10\/logo-guatemala.png","contentUrl":"https:\/\/habitatamericas.com\/tiendaguatemala\/wp-content\/uploads\/2024\/10\/logo-guatemala.png","width":268,"height":107,"caption":"Tienda H\u00e1bitat Guatemala"},"image":{"@id":"https:\/\/habitatamericas.com\/tiendaguatemala\/#\/schema\/logo\/image\/"}}]}},"_links":{"self":[{"href":"https:\/\/habitatamericas.com\/tiendaguatemala\/wp-json\/wp\/v2\/product\/5535"}],"collection":[{"href":"https:\/\/habitatamericas.com\/tiendaguatemala\/wp-json\/wp\/v2\/product"}],"about":[{"href":"https:\/\/habitatamericas.com\/tiendaguatemala\/wp-json\/wp\/v2\/types\/product"}],"replies":[{"embeddable":true,"href":"https:\/\/habitatamericas.com\/tiendaguatemala\/wp-json\/wp\/v2\/comments?post=5535"}],"wp:featuredmedia":[{"embeddable":true,"href":"https:\/\/habitatamericas.com\/tiendaguatemala\/wp-json\/wp\/v2\/media\/5877"}],"wp:attachment":[{"href":"https:\/\/habitatamericas.com\/tiendaguatemala\/wp-json\/wp\/v2\/media?parent=5535"}],"wp:term":[{"taxonomy":"product_cat","embeddable":true,"href":"https:\/\/habitatamericas.com\/tiendaguatemala\/wp-json\/wp\/v2\/product_cat?post=5535"},{"taxonomy":"product_tag","embeddable":true,"href":"https:\/\/habitatamericas.com\/tiendaguatemala\/wp-json\/wp\/v2\/product_tag?post=5535"}],"curies":[{"name":"wp","href":"https:\/\/api.w.org\/{rel}","templated":true}]}}